or of 256 and r?
32
Suppose n = -4*n + 10. Calculate the greatest common divisor of 11 and n.
1
Let n be (4/(-4))/(1/100). Let s = 289 + n. What is the greatest common divisor of 21 and s?
21
Suppose -6*l + 23 + 289 = 0. What is the greatest common divisor of 39 and l?
13
Let v be 10 + (-5)/((-25)/(-10)). Let g(h) = h. Let t be g(4). Suppose -t*b = -2*f + 24, 3*f - 6*f - b = -v. Calculate the greatest common divisor of 32 and f.
4
Let c = 16 + -11. Suppose 0 = 3*q - q + 4*g - 60, -c*q + 126 = 2*g. Let j be 1 - (11 - 0)/(-1). Calculate the highest common divisor of j and q.
12
Let i be (-196)/(-10) - (-15)/(-25). Let p = 52 + 5. What is the greatest common factor of i and p?
19
Suppose -u = -4*h - 15, h + 0*h = -u + 5. Let k(i) = -i**2 + 12*i - 7. Let b be k(5). What is the greatest common factor of b and u?
7
Suppose -12 = 5*g - 3*g. Let h = g - -14. Calculate the highest common factor of 72 and h.
8
Let u be ((-9)/(-4))/(6/(-16)). Let p be 40/3*u/(-5). Let r be p/(-24) - (-148)/6. Calculate the greatest common divisor of 3 and r.
3
Suppose -9*g = 10 - 28. What is the highest common divisor of 2 and g?
2
Let f be ((-180)/35)/(3/(-14)). Calculate the highest common divisor of f and 8.
8
Suppose 0 = 5*b - b - 24. Let m be (8/b)/(2/3). Suppose -3*g + 4*i + 27 = 0, 3*g - m*g + 4*i - 9 = 0. Calculate the highest common divisor of g and 27.
9
Let d be (-15)/(-4) + 3/12. Suppose -d - 1 = -5*p. Suppose -2*q - 6 = 3*s - 4, 0 = -5*s - 4*q - 6. Calculate the highest common divisor of s and p.
1
Let b = 21 - 149. Let c = -29 - b. Let p = -10 - -19. Calculate the highest common divisor of c and p.
9
Suppose 4*z = -z. Suppose 2*a + 3 - 27 = z. Calculate the greatest common divisor of a and 6.
6
Let a be (-19)/(-2) + (-2)/4. Suppose -c = -5*r - a, 3 + 0 = r. What is the highest common divisor of 60 and c?
12
Suppose -3*i + 3 = 0, -4*t + 8 = i - 5. Calculate the highest common factor of t and 5.
1
Let t = -11 + 13. Suppose -3*f = -t*p + f + 136, 5*p + 4*f - 284 = 0. Calculate the highest common divisor of p and 12.
12
Let r be 0 + 1*(3 - 2). Calculate the highest common factor of r and 8.
1
Let x be 1*(-2 + 3)*6. Suppose x + 33 = 3*d. Let j(o) = -2*o + 3. Let a be j(-5). What is the highest common factor of a and d?
13
Let j = -5 + 7. Suppose 4*z - 4*x = 372, j*z - x - 375 = -2*z. Suppose 2*c + z = 5*u, -2*u + 103 = 3*u + c. Calculate the greatest common factor of u and 8.
4
Suppose -3*l + 725 = -f, l + 2*f - 1212 = -4*l. Let w be l/5 + (-6)/(-10). What is the highest common factor of 7 and w?
7
Let f = -51 + 83. Calculate the highest common divisor of f and 80.
16
Let x(i) = 10*i - 8. Let l be x(3). What is the greatest common divisor of 22 and l?
22
Suppose -a + n = -n - 6, -73 = -3*a - 5*n. Let m = a + -7. Calculate the greatest common divisor of m and 1.
1
Suppose 7 = -3*g - 5, 4*v - g = 124. What is the highest common factor of 15 and v?
15
Let i = -217 + 313. Let b = i - 61. Let d = b - -10. Calculate the greatest common factor of 5 and d.
5
Suppose 4*o - 156 = -5*f, -f - 3*f + 2*o + 104 = 0. Suppose 4*n - 3*g = 905, 0 = 2*n - 3*g - 57 - 400. Calculate the highest common divisor of n and f.
28
Let p = 161 - 46. What is the greatest common factor of p and 46?
23
Let v = 17 - 11. Suppose -4*u + 3*s = v, u + 2 = 4*u + s. Suppose -204 = -4*g - u*g. Calculate the highest common factor of g and 34.
17
Let o(s) be the first derivative of 2*s**2 + s + 2. Let m be o(-1). Let k be (-7)/(0 + 3/m). Calculate the highest common factor of k and 14.
7
Let b = -255 + 367. What is the highest common divisor of 14 and b?
14
Suppose 0 = -3*s - 2*m + 47, -2*s = s - 2*m - 31. What is the highest common factor of 52 and s?
13
Suppose 0*d = 5*c - 4*d - 526, 2*c - d - 208 = 0. Calculate the greatest common factor of c and 6.
6
Suppose 5*r - 48 = -t - 0*t, -2*t = -2*r - 96. Let g = t + 18. Calculate the greatest common factor of 6 and g.
6
Let j be ((-90)/(-12))/((-2)/4). Let d = j - -22. Calculate the greatest common divisor of d and 28.
7
Let u = -1 - -10. Suppose 6*w = 2*w + 12. Suppose 3*j - 69 = -3*k - 0*k, w*j = 3*k + 93. What is the highest common divisor of u and j?
9
Let f be 12/30 + 4293/5. Suppose 5*u - 108 = -4*o + 968, 0 = -4*u - 5*o + f. What is the greatest common divisor of u and 24?
24
Let y be (-26)/2*(-6 + 2). Suppose -k + 21 - 2 = 0. Suppose -5*c + k = -46. What is the greatest common factor of y and c?
13
Let l be 8/2*(-20)/(-8). Let w = 92 - 62. Calculate the greatest common factor of w and l.
10
Let l = 99 + -18. Calculate the highest common divisor of l and 9.
9
Suppose -244 = -2*r - 2*r. Suppose 2*n - 71 = r. What is the highest common factor of n and 6?
6
Let n(w) = 3*w**3 - 8*w**2 + 8. Let y be n(6). Suppose 0 = 3*u - y + 32. Calculate the highest common factor of u and 14.
14
Let c = -2 - -6. Let r be c + (-3 - (0 - 1)). Suppose a - 5*p + 17 = 0, 5*a - 31 = -6*p + r*p. Calculate the highest common divisor of a and 27.
3
Let d be (-570)/35 - 2/(-7). Let a = d - -52. What is the highest common divisor of 12 and a?
12
Let a = -70 - -125. Let i be (-8)/(-1)*(a - 2). Let v be i/36 + 2/9. Calculate the highest common divisor of 84 and v.
12
Let h(l) = 18*l**2 + 2*l + 2. Let n be h(-1). What is the greatest common divisor of n and 18?
18
Let l = 17 - -12. What is the highest common factor of l and 232?
29
Suppose -6*r = -3*r - 42. Let q(t) = 0*t**3 - 2 - t**3 - t**3 - 8*t**2 + 0*t**3 + 5*t. Let o be q(-6). What is the highest common divisor of r and o?
14
Let n(h) = 3*h - 7. Let f be n(6). Suppose -5*i + 3*m + 3 + 2 = 0, -3*m = -i - f. Let w be 0 - -3*1*2. What is the highest common divisor of w and i?
2
Let s(z) = z**3 + 14*z**2 + 13*z + 3. Let n be s(-13). Suppose -3*f - n*r + 11 = -2*f, -4*f - r + 88 = 0. Calculate the highest common factor of f and 207.
23
Let o = 10 - 7. Suppose o*s = -5*n + 1170, 10 = -3*s + s. Suppose h - 5 = 0, 0 = 4*k + h - n - 408. Calculate the greatest common factor of k and 16.
16
Suppose -8*m = -10*m + 44. Calculate the highest common divisor of 198 and m.
22
Let v be 1 + -3 + (4 - -1). Let t = 189 - 187. Calculate the highest common divisor of v and t.
1
Suppose 5*k = 3*h + 4*k - 12, -5*h = 3*k - 20. Suppose 20 + 15 = 3*l + h*f, -4*l - 5*f + 47 = 0. What is the highest common divisor of 117 and l?
13
Let k(p) = 74*p - 4. Let s be k(1). Suppose 0 = 3*i + 15 - 57. Calculate the greatest common divisor of s and i.
14
Suppose 0 = -d - 2*y + 9, -4*y + 2*y = -4*d + 6. Suppose d*m + m = -5*g + 26, m + 4 = 4*g. What is the greatest common factor of 6 and g?
2
Suppose 0 = -6*q + 9*q - 108. What is the greatest common divisor of 324 and q?
36
Let h = 155 + -107. Suppose g = 5*l - 61, 4*l - 3*g - g - 52 = 0. Calculate the greatest common factor of l and h.
12
Let s be (7 - 7) + 5/((-15)/(-198)). Calculate the highest common divisor of 22 and s.
22
Suppose 5*a - 5*u - 335 = -0*a, 5*u = -5. Let q(f) = f**2 - 6*f - 1. Let n be q(7). Calculate the greatest common divisor of n and a.
6
Let w = 44 + -22. Let q(i) = i + 2 + 12 + i**2 - 3 + 0. Let z be q(0). Calculate the greatest common divisor of z and w.
11
Let u(n) = 17*n - 17. Suppose 0 = -2*m + 5 + 5. Let g be u(m). What is the greatest common divisor of 17 and g?
17
Let j(a) = a. Let q be j(20). What is the greatest common factor of q and 10?
10
Let f be (0 - 3) + 358/(-2). Let u be f/(-12) + 2/(-12). What is the greatest common factor of u and 30?
15
Let b(p) = 3*p**2 - 2*p + 1. Let n be b(1). Let x be (39/(-18) + 3 - 1)*-6. Let y be (x + 77)/n + 0. Calculate the greatest common divisor of 13 and y.
13
Let k(n) = -n**2 - 5*n + 3. Let c be k(-6). Let l be (-53)/c - 2/(-6). Let v = -15 - -42. What is the highest common divisor of l and v?
9
Let l(p) = p**3 + 4*p**2 - 4*p - 6. Let f be l(-4). Let q = -10 + 20. What is the greatest common divisor of f and q?
10
Let n be 7 + -3 - 50/(-1). What is the greatest common factor of n and 6?
6
Suppose 2*f + 3*m = -0*f + 30, 2*f + m = 26. What is the greatest common divisor of f and 168?
12
Let w(n) = 7*n**2 - 5*n + 3 - 4*n**3 + 5*n**3 + 10*n. Let b be w(-5). Suppose 3*g + 14 = 5*g. What is the greatest common factor of g and b?
7
Let k be -17*(2 + -6 - -3). Calculate the highest common factor of k and 17.
17
Suppose 3*v - 75 = -5*l, -2*v + 48 